 w(a) = 11*a**3 + 33*a**2 - 47*a - 42. Let l(c) = -7*c**3 - 22*c**2 + 31*c + 28. Let q(b) = 8*l(b) + 5*w(b). Is q(-12) a composite number?
False
Let v = 1725 + -940. Is v prime?
False
Let v be (-5)/(((-4)/(-9))/4). Let n = -14 - v. Is n composite?
False
Suppose -3*p = -3*d - 8*p + 1523, -2*d - 4*p = -1018. Is d a prime number?
False
Let f(b) = 46*b**2 + 5*b + 43. Is f(-6) composite?
False
Let z(t) = t**3 + 8*t**2 + 4*t + 1. Let r(p) = -1. Let b(k) = k. Let j be b(-4). Let s(q) = j*r(q) + z(q). Is s(-6) composite?
False
Let t = 2 - -1. Let u be (0 + 1)*(1 - -6). Suppose t*d = u*d - 228. Is d a composite number?
True
Let t = 2 - 2. Suppose t = d - 6*d + 395. Is d prime?
True
Suppose q - 2*k = 34 + 53, -4*q = 3*k - 403. Is q a composite number?
False
Suppose 0*z = 3*w + z - 19, 19 = 4*w - 5*z. Is (0 + 1)/(w/522) prime?
False
Suppose -4*l + 272 = 3*u, 6*l - l - 340 = -u. Let j = -3 + 5. Is l - 2/(j - 4) a prime number?
False
Let x(t) = t**2 + 16*t - 2. Suppose 2 + 34 = 2*u. Let d = -7 + u. Is x(d) a prime number?
False
Let n = 536 + -319. Is n composite?
True
Suppose 0 = -5*f - 1 + 21. Let w(o) = 31*o**2 - 4*o + 5. Is w(f) a prime number?
False
Suppose -636 = -7*p + 925. Is p composite?
False
Let w(b) = 4*b**3 - 3*b**2 + 6*b - 4. Let l(k) = 7*k**3 - 6*k**2 + 11*k - 8. Let r(m) = -6*l(m) + 11*w(m). Is r(5) a composite number?
True
Is (4/(-6))/((-8)/948) prime?
True
Let b = -36 + 89. Is b composite?
False
Let x(r) = -7*r**3 - 8*r**2 - r - 3. Let k(j) = j**3 - j. Let t(w) = 6*k(w) + x(w). Let q(y) = y**2 + 8*y + 4. Let d be q(-6). Is t(d) composite?
False
Let u = -12 - -10. Is u/(177/(-87) - -2) a prime number?
False
Let s be 0/((-1)/1) + 4. Suppose s*j - 35 - 89 = 0. Is j prime?
True
Let m = -182 + 267. Is m prime?
False
Let r(k) be the third derivative of -1/12*k**5 + 0 + 0*k + 2/3*k**3 + k**2 - 1/40*k**6 - 1/8*k**4. Is r(-3) composite?
True
Suppose 5*s + 34 = k, 4*k - 3*s + 0*s - 221 = 0. Is k composite?
False
Let y be 0 + (-1 - (-3)/(-1)). Is (11/2)/(y/(-16)) prime?
False
Suppose -2*b - 6 = -3*b + 3*k, 4*b - 45 = 5*k. Is 1015/b*(1 - -2) a prime number?
False
Suppose -3*u - 10 = -u. Let w = -3 - u. Let f(j) = 20*j**2 - 3*j + 3. Is f(w) a prime number?
False
Let d(h) = -h**3 + 5*h**2 - 2. Let l be d(3). Let j be l/10 - (-2)/5. Suppose -r - 8 = -k - 0*r, 2*k - j = -5*r. Is k a prime number?
False
Let u(o) = -o**3 - 7*o**2 + 16*o - 19. Is u(-13) a prime number?
True
Let n be (16/12)/((-2)/6). Let z be n/(-2)*(-2 - -7). Suppose 5*k - z = -0. Is k a prime number?
True
Let w(v) = -126*v**3 - 6*v**2 + v - 6. Let p(c) = 126*c**3 + 5*c**2 - c + 5. Let t(s) = -7*p(s) - 6*w(s). Is t(-1) a composite number?
False
Is 4039/9 - 12/(-54) a prime number?
True
Suppose 0*b + 12515 = 5*b. Is b composite?
False
Let l(w) = -w - 4. Let i be l(-4). Suppose 2*z = 5*b + 64, 0 = -i*b - b + 2. Is z a prime number?
True
Suppose -5*v - 2 = i, -i + 2*v - 6 = 2*i. Let x(g) = -3*g**3 + 3*g + 1 - g - 2 + 2. Is x(i) a composite number?
True
Is (-12)/4 - 125*-1 composite?
True
Let s(w) = w**2 + 6*w + 1. Let n be s(-6). Is (1 - (1 - n)) + 126 a composite number?
False
Let h = -743 + 1366. Is h a composite number?
True
Let a(w) = w**3 + 7*w**2 + 5. Let m be a(-7). Suppose 4*o = -m*l - 1, o - 1 = -4*l - 4. Let u = 6 - l. Is u a composite number?
False
Let p = -141 - -380. Is p composite?
False
Let g be 82/(-4)*(-4 + 0). Let d(i) = -i**2 - 5*i + 5. Let v be d(-5). Suppose g = -v*s + 367. Is s prime?
False
Let t(k) = -1 + 62*k**2 + 7*k + 63*k**2 - 37*k**2 - 5*k. Is t(1) a composite number?
False
Suppose -p + 1847 = -4*r, -2*r + 3685 = 2*p - 7*r. Is p prime?
False
Let x be 1562/17 - 6/(-51). Suppose 2*o - x = 78. Is o prime?
False
Suppose -3*z + 17 = m, 2*z + m - 18 + 5 = 0. Suppose 0*c - 4*k = -3*c + 47, 68 = z*c - 4*k. Is ((-2)/(-3))/(2/c) a prime number?
True
Suppose -2*d = -t + 1535, 5*d + 666 + 857 = t. Is t a prime number?
True
Let b be (-1)/(-5) + 24/5. Suppose -x - 120 = -4*q, b*q - 4*q + 5*x = 30. Suppose -p + q = 2*p. Is p a composite number?
True
Let r = -446 - -949. Is r a prime number?
True
Let n = -21 - -244. Is n composite?
False
Suppose 11 = -4*p + 35. Suppose -3*h = -p*h + 9. Is h a prime number?
True
Let r = -2 + 6. Suppose -2*z = -0*z - 4*w - 538, 0 = -w + r. Let c = z - 66. Is c prime?
True
Let q(v) = -26*v + 1. Let z be q(7). Let g = z - -260. Is g a prime number?
True
Let b(u) = -216*u**2 + 2*u - 3. Let o(g) = 648*g**2 - 7*g + 10. Let h(l) = -7*b(l) - 2*o(l). Is h(-1) prime?
False
Suppose -1658 = -l + d, -7*l - 1640 = -8*l - 5*d. Is l a composite number?
True
Suppose -5*w + 20 = 5. Suppose 0 = -w*j + 2*i - 3 + 1, 0 = 3*i - 12. Suppose 0 = 3*d + 5*u - 275, -4*u + 26 = -j*d + 180. Is d a prime number?
False
Let n = -1327 - -1862. Is n a composite number?
True
Let x = 432 + 763. Is x prime?
False
Let x(u) = -u + 37. Suppose 0 = 2*b + b + 6. Let q be b*1/2*0. Is x(q) prime?
True
Suppose -2*c + 12 = -i, -3*i = -3*c + 4*c + 1. Suppose c*u = -5*o + 310, 3*o - 104 = -4*u + 85. Is o a composite number?
False
Let l(t) = 75*t**2 + 3*t + 19. Is l(-3) a prime number?
False
Is 39921/3*(-7 + 3 - -5) a prime number?
False
Let w = 21 + 241. Is w prime?
False
Suppose -19 + 227 = 4*p. Suppose -3*u - 2*s = -259, -u + 41 = -s - p. Is u composite?
False
Is (-11)/((-66)/1720) + 1/3 a prime number?
False
Let f be ((-2)/(-1) + -5)*-1. Suppose i - 88 = -f*i. Is i a composite number?
True
Let x be 2/(6/4 - 1). Suppose -380 = -4*s + x*y, -4*s + 377 = -y - 0*y. Is s a composite number?
True
Let j(p) = 15*p - 12. Let h be j(9). Suppose -i + h = 2*s, 0 = -3*i + 3*s + 365 + 22. Is i a prime number?
True
Let d(p) = 2*p**2 - p + 4. Let n be 1/((-3)/9*-1). Is d(n) prime?
True
Suppose -r + 0*r = 2. Let m(j) = -28*j - 3. Is m(r) a composite number?
False
Let v = -330 + -10. Let d = -149 - v. Is d a composite number?
False
Suppose 398 = -3*p + u, 9*p + 5*u + 690 = 4*p. Let d = 120 - -157. Let q = p + d. Is q prime?
False
Let z(d) = 3*d - 20. Suppose -a + 58 = 4*p - 0*p, -5*p = a - 72. Is z(p) prime?
False
Let n(q) = 48*q - 4. Suppose w - 3 + 9 = -3*i, i = 3*w - 12. Let b be n(w). Suppose b = 4*v + 16. Is v a prime number?
True
Suppose 0 = -x + 4*x - 9. Suppose -w = -2*z + 3, -4*w - x = -3*z - 2*z. Suppose -4*r = 4*p - 0*r - 44, -z*p = -r - 41. Is p a prime number?
True
Suppose 80 = 4*f - 44. Is f*2*(-1)/(-2) a prime number?
True
Let d(v) = -9*v**3 + 3*v**2 - v - 3. Is d(-2) a prime number?
True
Suppose -3*q + 5*f = 14, q + 4 = 3*f - 6. Suppose 4*a + 526 = q*c, c - 4*c = -2*a - 777. Is c a prime number?
True
Suppose -j - 2*t = -4, 0*j + 7 = j - t. Suppose 0 = 2*f - j, -3*u + 3*f + 437 - 17 = 0. Is u a composite number?
True
Let y = -10452 + 15235. Is y composite?
False
Let m be 1/(-3)*6*-2. Let w(u) = 3*u**2 + 4*u + 1. Is w(m) a prime number?
False
Let t = -2 - 0. Let b be (-352)/6 + 12/18. Is (b/4 + -2)*t prime?
False
Let l(f) = f + 16. Let s be l(-11). Let p(j) = 2*j**2 - j**2 + s*j**2 - 4*j**2 + 10*j + 9. Is p(-7) a prime number?
True
Let h = -4 - 2. Let f(c) = c**3 + 6*c**2 - c - 4. Let r be f(h). Is 19/r*(13 + 1) a prime number?
False
Is 21/(-12) + 2 + 57477/28 a composite number?
False
Let u be (-22)/(-4) - 5/10. Suppose -4*q - 113 = -u*q. Is q prime?
True
Suppose 2*i + o - 1 = -6, 5*o = 3*i - 25. Suppose i = 2*h - 4*c - 182, -5*c = -2*h - 2*c + 182. Is h prime?
False
Let r = -10 + 5. Let h(c) = 3*c + 1. Let n be h(r). Let q = n + 27. Is q a prime number?
True
Let h(z) = -630*z. Let l be h(-1). Let w(a) = a**2 + 4*a + 3. Let f be w(-4). Suppose l = f*b + 57. Is b a prime number?
True
Let s(i) be the first derivative of i**3/3 + i**2 + i - 1. Let c be 7 - 2 - (0 - -1). Is s(c) a composite number?
True
Let p(d) = 3*d**2 - d - 1. Is p(-6) a prime number?
True
Suppose -8 = q + q + 3*n, 0 = 3*q - 3*n - 18. Suppose i + 6 = q*i. Is i a prime number?
False
Let z(t) = 95*t**2 - 6*t - 1. Is z(-4) a prime number?
True
Let y(h) = h + 1. Let k(t) = -t + 4 - 3 + 3*t. Let v(a) = -3*k(a) + 2*y(a). Is v(-5) composite?
False
Suppose 3*x - 5*x - 22 = -2*g, 2*x = 8. Let o = 6 + g. Is o a prime number?
False
Let k = -19 - -12. Let n = -9 - k. Is (n/6)/(7/(-399)) prime?
True
Let h(m) = 211*m**2. Suppose 4 = -2*d + 6*d. Is h(d) a prime number?
True
Suppose 4*x - 4*w - 777 - 299 = 0, 2*x - 546 = 4*w. Is x composite?
T